{"id":190,"date":"2020-05-25T00:24:19","date_gmt":"2020-05-25T00:24:19","guid":{"rendered":"https:\/\/besttwice.com.br\/site\/?page_id=190"},"modified":"2021-09-03T19:37:01","modified_gmt":"2021-09-03T19:37:01","slug":"projeto-segredos-da-pesquisa","status":"publish","type":"page","link":"https:\/\/besttwice.com.br\/site\/projeto-segredos-da-pesquisa\/","title":{"rendered":"PROJETO SEGREDOS DA PESQUISA"},"content":{"rendered":"\n<p>Ol\u00e1, seja bem-vinda, bem-vindo ao nosso Projeto SEGREDOS DA PESQUISA.<\/p>\n\n\n\n<figure class=\"wp-block-embed is-type-video is-provider-youtube wp-block-embed-youtube wp-embed-aspect-16-9 wp-has-aspect-ratio\"><div class=\"wp-block-embed__wrapper\">\n<div class=\"epyt-video-wrapper\"><iframe  id=\"_ytid_86697\"  width=\"1170\" height=\"658\"  data-origwidth=\"1170\" data-origheight=\"658\"  data-relstop=\"1\" src=\"https:\/\/www.youtube.com\/embed\/F4TY9RlZ3kw?enablejsapi=1&#038;autoplay=0&#038;cc_load_policy=0&#038;cc_lang_pref=&#038;iv_load_policy=1&#038;loop=0&#038;modestbranding=1&#038;rel=0&#038;fs=1&#038;playsinline=0&#038;autohide=2&#038;theme=dark&#038;color=red&#038;controls=1&#038;\" class=\"__youtube_prefs__  epyt-is-override  no-lazyload\" title=\"YouTube player\"  allow=\"fullscreen; accelerometer; autoplay; clipboard-write; encrypted-media; gyroscope; picture-in-picture\" allowfullscreen data-no-lazy=\"1\" data-skipgform_ajax_framebjll=\"\"><\/iframe><\/div>\n<\/div><\/figure>\n\n\n\n<p><\/p>\n\n\n\n<p>Se voc\u00ea tiver interesse em receber o nosso e-book Segredos da Pesquisa: da descoberta do problema \u00e0 grande ideia, em PDF, sem qualquer custo, clique no link abaixo ou copie este link e abra em seu navegador e preencha as informa\u00e7\u00f5es, que enviaremos o e-book para seu endere\u00e7o de e-mail o mais breve poss\u00edvel:<\/p>\n\n\n\n<figure class=\"wp-block-embed is-type-wp-embed is-provider-best-twice wp-block-embed-best-twice\"><div class=\"wp-block-embed__wrapper\">\n<blockquote class=\"wp-embedded-content\" data-secret=\"K0QCWpRfyb\"><a href=\"https:\/\/besttwice.com.br\/site\/e-book-segredos-da-pesquisa\/\">E-book Segredos da Pesquisa<\/a><\/blockquote><iframe class=\"wp-embedded-content\" sandbox=\"allow-scripts\" security=\"restricted\" style=\"position: absolute; clip: rect(1px, 1px, 1px, 1px);\" title=\"&#8220;E-book Segredos da Pesquisa&#8221; &#8212; BEST TWICE\" src=\"https:\/\/besttwice.com.br\/site\/e-book-segredos-da-pesquisa\/embed\/#?secret=K0QCWpRfyb\" data-secret=\"K0QCWpRfyb\" width=\"600\" height=\"338\" frameborder=\"0\" marginwidth=\"0\" marginheight=\"0\" scrolling=\"no\"><\/iframe>\n<\/div><\/figure>\n\n\n\n<p>Este projeto Segredos da Pesquisa, com o e-book Segredos da Pesquisa: da descoberta do problema \u00e0 grande ideia e com o best-book Segredos da Pesquisa: da descoberta do problema ao empreendedorismo, foi feito pensando em voc\u00ea que j\u00e1 se aposentou.<\/p>\n\n\n\n<p>Que tal descobrir formas de deixar um legado, ajudar o pr\u00f3ximo, escrevendo um livro, transferindo conhecimento, fazendo trabalho volunt\u00e1rio e criando boas lembran\u00e7as?<\/p>\n\n\n\n<p>Estamos aqui para te falar que tudo isso ainda \u00e9 poss\u00edvel de ser feito em seu tempo de vida.<\/p>\n\n\n\n<p>Este projeto com o e-book e com o best-book tem um formato diferente, pois esperamos que voc\u00ea interaja conosco em suas d\u00favidas.<\/p>\n\n\n\n<p>Este&nbsp;  projeto com o e-book e com o best-book \u00e9 dedicado a todas as pessoas interessadas em obter resultados diferentes. E, por consequ\u00eancia, contribuir para o desenvolvimento do sentimento de \u201cOrgulho Brasil\u201d<\/p>\n\n\n\n<p>Na nossa percep\u00e7\u00e3o, este conte\u00fado tamb\u00e9m poder\u00e1 auxiliar as pessoas que est\u00e3o \u00e0 procura de gera\u00e7\u00e3o de renda.<\/p>\n\n\n\n<p>Para colaborar com os interessados, que s\u00e3o autodidatas e que preferem o fa\u00e7a voc\u00ea mesmo, al\u00e9m do e-book, que \u00e9 gratuito, fizemos um livro digital o best-book do PROJETO,  &#8220;Segredos da Pesquisa: da descoberta do problema ao empreendedorismo&#8221;, que chega at\u00e9 a fase do empreendedorismo em si, com novos coment\u00e1rios e mais exemplos e com conte\u00fado simples, claro, objetivo e de f\u00e1cil absor\u00e7\u00e3o para voc\u00ea, que quer realmente iniciar uma mudan\u00e7a radical em sua vida. O best book ter\u00e1 um custo acess\u00edvel e parte do lucro ser\u00e1 doado para o projeto de uma institui\u00e7\u00e3o credenciada.<\/p>\n\n\n\n<p>Clique no link abaixo e seja mais um participante deste divisor de \u00e1guas, e adquira o nosso livro digital  best-book Segredos da Pesquisa: da descoberta do problema ao empreendedorismo:<\/p>\n\n\n\n<p><a href=\"https:\/\/go.hotmart.com\/K58372893T?dp=1\">https:\/\/go.hotmart.com\/K58372893T?dp=1<\/a><\/p>\n\n\n\n<p>Neste livro digital, voc\u00ea ter\u00e1 o seguinte conte\u00fado:<\/p>\n\n\n\n<p><strong>M\u00d3DULO 1 \u2013 FUNDAMENTA\u00c7\u00c3O: VERDADES SOBRE A ECONOMIA (QUE NOS OMITEM), E O QUE PODEMOS FAZER, O QUE \u00c9 O PROJETO SEGREDOS DA PESQUISA?, CAPITAL X TRABALHO, SONHOS X CREN\u00c7AS, OS PRIMEIROS PASSOS, TUDO COME\u00c7A EM CASA e A PESQUISA.<\/strong><\/p>\n\n\n\n<p>M\u00d3DULO 2 \u2013 A PESQUISA, PESQUISAS PRIMARIAS, O QUE PESQUISAR?, A Escolha do Tema\/Problema, ONDE PESQUISAR?, Onde encontrar as fontes de pesquisa?, Pesquisa cient\u00edfica, De onde pode vir a grande ideia?, GEST\u00c3O DE RISCOS \u2013 OS ACIDENTES&nbsp; , Gest\u00e3o de Riscos, Gest\u00e3o dos Acidentes.<\/p>\n\n\n\n<p><strong>M\u00d3DULO 3 \u2013 AN\u00c1LISE E SOLU\u00c7\u00d5ES DE PROBLEMAS, FERRAMENTAS DE AN\u00c1LISE E SOLU\u00c7\u00c3O DE PROBLEMAS&nbsp; , SOLU\u00c7\u00c3O X OPORTUNIDADE.<\/strong><\/p>\n\n\n\n<p>M\u00d3DULO 4 \u2013 A GRANDE IDEIA, TIRANDO A IDEIA DO PAPEL, VALIDA\u00c7\u00c3O DA SOLU\u00c7\u00c3O, MVP \u2013 M\u00cdNIMO PRODUTO VI\u00c1VEL, Tipos de MVP de Baixa Fidelidade, Tipos de MVP de Alta Fidelidade, VIABILIDADE DA SOLU\u00c7\u00c3O, DESIGN THINKING, PRODUCT DISCOVERY.<\/p>\n\n\n\n<p><strong>M\u00d3DULO 5 \u2013 O EMPREENDEDORISMO, VIABILIDADE DESSE NEG\u00d3CIO, ABERTURA DA EMPRESA, GEST\u00c3O DO NEG\u00d3CIO, Modelo Canvas, Estrat\u00e9gias para gerir sua empresa, MARKETING, Pesquisa de Mercado, Marketing Digital e suas fun\u00e7\u00f5es, ECONOMIA DE ESCALA E PRODUTIVIDADE.<\/strong><\/p>\n\n\n\n<p>Para quem for uma das 50 primeiras pessoas a comprar o nosso best book (livro digital) em cada trimestre do ano fiscal,    receber\u00e1 um SUPER b\u00f4nus, uma mentoria coletiva de 1 hora. Esta mentoria ser\u00e1 realizada, em data a ser comunicada pelo Intagram @segredosdapesquisa, a cada trimestre do ano fiscal, na modalidade on line, onde, juntos, faremos a avalia\u00e7\u00e3o de 2 Ideias\/Grandes Ideias, a serem escolhidas entre esses participantes, se elas t\u00eam ou n\u00e3o a possibilidade de se transformar em um neg\u00f3cio que poder\u00e1 gerar renda e riqueza.<\/p>\n\n\n\n<p>S\u00f3 esse mentoria coletiva, tem o valor 10 X o valor do best book. E s\u00f3 \u00e9 v\u00e1lida para as 50 primeiras pessoas que comprarem o livro digital a cada trimestre.<\/p>\n\n\n\n<p>Al\u00e9m desse benef\u00edcio, 10% do lucro l\u00edquido do nosso projeto, ser\u00e1 utilizado para investir em parcerias com as Grandes Ideias avaliadas como poss\u00edveis para virarem neg\u00f3cios.<\/p>\n\n\n\n<p>Nosso conte\u00fado \u00e9 profundo e, al\u00e9m do que propomos, voc\u00ea ter\u00e1 conte\u00fado transversais sobre Intelig\u00eancia Emocional em todos os m\u00f3dulos.<\/p>\n\n\n\n<p>Se mesmo assim, voc\u00ea n\u00e3o se interessar em continuar com nosso livro digital, voc\u00ea ter\u00e1 15 dias para desistir da compra e receber o seu dinheiro de volta.<\/p>\n\n\n\n<p>Se ainda assim, mesmo com todas as informa\u00e7\u00f5es at\u00e9 aqui passadas, voc\u00ea preferir participar de um treinamento, em EAD, em uma plataforma confi\u00e1vel, local que voc\u00ea ter\u00e1 todo o conte\u00fado do best book   &#8220;Segredos da Pesquisa: da descoberta do problema ao empreendedorismo&#8221;, em formato de v\u00eddeos aulas e planilhas para fazer os exerc\u00edcios, em seus respectivos m\u00f3dulos, para que voc\u00ea tenha ainda mais condi\u00e7\u00f5es de transformar as respostas em problemas, os problemas em ideias e solu\u00e7\u00f5es, as ideias e solu\u00e7\u00f5es em oportunidades e as oportunidades em neg\u00f3cios e os neg\u00f3cios em neg\u00f3cios geradores de renda e riqueza, clique no link abaixo e seja mais um participante deste divisor de \u00e1guas.<\/p>\n\n\n\n<p><\/p>\n\n\n\n<p><a href=\"https:\/\/go.hotmart.com\/N11887026A\">https:\/\/go.hotmart.com\/N11887026A<\/a><\/p>\n\n\n\n<p><\/p>\n\n\n\n<p>Imagine agora, se voc\u00ea pudesse, em poucos anos, a depender diretamente da sua dedica\u00e7\u00e3o e disciplina, ter a capacidade e o merecimento de conquistar seus objetivos e concretizar seus sonhos ou subir os degraus da pir\u00e2mide de renda das fam\u00edlias brasileiras e da pir\u00e2mide de riqueza mundial.<\/p>\n\n\n\n<p>Certamente voc\u00ea teria uma nova percep\u00e7\u00e3o sobre estar satisfeito com sua vida financeira, com sua vida profissional e com sua vida pessoal.<\/p>\n\n\n\n<p>Para isso, voc\u00ea ter\u00e1 que rever alguns conceitos e (re)come\u00e7ar sua vida. <\/p>\n\n\n\n<p>Claro que, muitas pessoas precisar\u00e3o de mais ajuda do que o conte\u00fado deste e-book, ent\u00e3o sugiro que voc\u00ea procure um Coach de sua confian\u00e7a para ajudar voc\u00ea a reconhecer este processo. <\/p>\n\n\n\n<p>Se preferir, conhe\u00e7a o nosso processo de Coaching de Inova\u00e7\u00e3o e (re)come\u00e7o em: linkre.ee\/marcelogarcezlopes.<\/p>\n\n\n\n<p><a href=\"http:\/\/linkre.ee\/marcelogarcezlopes\">linktr.ee\/marcelogarcezlopes<\/a><\/p>\n\n\n\n<p>J\u00e1, para os nossos produtos inovadores, citados no v\u00eddeo, est\u00e3o em nossa loja virtual:<\/p>\n\n\n\n<p><a href=\"https:\/\/loja.besttwice.com.br\/\">https:\/\/loja.besttwice.com.br\/<\/a><\/p>\n\n\n<p><!--EndFragment--><\/p>","protected":false},"excerpt":{"rendered":"<p>Ol\u00e1, seja bem-vinda, bem-vindo ao nosso Projeto SEGREDOS DA PESQUISA. Se voc\u00ea tiver interesse em receber o nosso e-book Segredos da Pesquisa: da descoberta do problema \u00e0 grande ideia, em PDF, sem qualquer custo, clique no link abaixo ou copie este link e abra em seu navegador e preencha as informa\u00e7\u00f5es, que enviaremos o e-book [&hellip;]<\/p>\n","protected":false},"author":1,"featured_media":0,"parent":0,"menu_order":0,"comment_status":"closed","ping_status":"closed","template":"","meta":{"footnotes":""},"class_list":["post-190","page","type-page","status-publish","hentry"],"yoast_head":"<!-- This site is optimized with the Yoast SEO plugin v27.6 - https:\/\/yoast.com\/product\/yoast-seo-wordpress\/ -->\n<title>PROJETO SEGREDOS DA PESQUISA - BEST TWICE<\/title>\n<meta name=\"robots\" content=\"index, follow, max-snippet:-1, max-image-preview:large, max-video-preview:-1\" \/>\n<link rel=\"canonical\" href=\"https:\/\/besttwice.com.br\/site\/projeto-segredos-da-pesquisa\/\" \/>\n<meta property=\"og:locale\" content=\"pt_BR\" \/>\n<meta property=\"og:type\" content=\"article\" \/>\n<meta property=\"og:title\" content=\"PROJETO SEGREDOS DA PESQUISA - BEST TWICE\" \/>\n<meta property=\"og:description\" content=\"Ol\u00e1, seja bem-vinda, bem-vindo ao nosso Projeto SEGREDOS DA PESQUISA. Se voc\u00ea tiver interesse em receber o nosso e-book Segredos da Pesquisa: da descoberta do problema \u00e0 grande ideia, em PDF, sem qualquer custo, clique no link abaixo ou copie este link e abra em seu navegador e preencha as informa\u00e7\u00f5es, que enviaremos o e-book [&hellip;]\" \/>\n<meta property=\"og:url\" content=\"https:\/\/besttwice.com.br\/site\/projeto-segredos-da-pesquisa\/\" \/>\n<meta property=\"og:site_name\" content=\"BEST TWICE\" \/>\n<meta property=\"article:modified_time\" content=\"2021-09-03T19:37:01+00:00\" \/>\n<meta name=\"twitter:card\" content=\"summary_large_image\" \/>\n<meta name=\"twitter:label1\" content=\"Est. tempo de leitura\" \/>\n\t<meta name=\"twitter:data1\" content=\"5 minutos\" \/>\n<script type=\"application\/ld+json\" class=\"yoast-schema-graph\">{\"@context\":\"https:\\\/\\\/schema.org\",\"@graph\":[{\"@type\":\"WebPage\",\"@id\":\"https:\\\/\\\/besttwice.com.br\\\/site\\\/projeto-segredos-da-pesquisa\\\/\",\"url\":\"https:\\\/\\\/besttwice.com.br\\\/site\\\/projeto-segredos-da-pesquisa\\\/\",\"name\":\"PROJETO SEGREDOS DA PESQUISA - BEST TWICE\",\"isPartOf\":{\"@id\":\"https:\\\/\\\/besttwice.com.br\\\/site\\\/#website\"},\"datePublished\":\"2020-05-25T00:24:19+00:00\",\"dateModified\":\"2021-09-03T19:37:01+00:00\",\"breadcrumb\":{\"@id\":\"https:\\\/\\\/besttwice.com.br\\\/site\\\/projeto-segredos-da-pesquisa\\\/#breadcrumb\"},\"inLanguage\":\"pt-BR\",\"potentialAction\":[{\"@type\":\"ReadAction\",\"target\":[\"https:\\\/\\\/besttwice.com.br\\\/site\\\/projeto-segredos-da-pesquisa\\\/\"]}]},{\"@type\":\"BreadcrumbList\",\"@id\":\"https:\\\/\\\/besttwice.com.br\\\/site\\\/projeto-segredos-da-pesquisa\\\/#breadcrumb\",\"itemListElement\":[{\"@type\":\"ListItem\",\"position\":1,\"name\":\"In\u00edcio\",\"item\":\"https:\\\/\\\/besttwice.com.br\\\/site\\\/\"},{\"@type\":\"ListItem\",\"position\":2,\"name\":\"PROJETO SEGREDOS DA PESQUISA\"}]},{\"@type\":\"WebSite\",\"@id\":\"https:\\\/\\\/besttwice.com.br\\\/site\\\/#website\",\"url\":\"https:\\\/\\\/besttwice.com.br\\\/site\\\/\",\"name\":\"BEST TWICE\",\"description\":\"Pesquisar os problemas do cotidiano e buscar formas de reduzir seus efeitos.\",\"potentialAction\":[{\"@type\":\"SearchAction\",\"target\":{\"@type\":\"EntryPoint\",\"urlTemplate\":\"https:\\\/\\\/besttwice.com.br\\\/site\\\/?s={search_term_string}\"},\"query-input\":{\"@type\":\"PropertyValueSpecification\",\"valueRequired\":true,\"valueName\":\"search_term_string\"}}],\"inLanguage\":\"pt-BR\"}]}<\/script>\n<!-- \/ Yoast SEO plugin. -->","yoast_head_json":{"title":"PROJETO SEGREDOS DA PESQUISA - BEST TWICE","robots":{"index":"index","follow":"follow","max-snippet":"max-snippet:-1","max-image-preview":"max-image-preview:large","max-video-preview":"max-video-preview:-1"},"canonical":"https:\/\/besttwice.com.br\/site\/projeto-segredos-da-pesquisa\/","og_locale":"pt_BR","og_type":"article","og_title":"PROJETO SEGREDOS DA PESQUISA - BEST TWICE","og_description":"Ol\u00e1, seja bem-vinda, bem-vindo ao nosso Projeto SEGREDOS DA PESQUISA. Se voc\u00ea tiver interesse em receber o nosso e-book Segredos da Pesquisa: da descoberta do problema \u00e0 grande ideia, em PDF, sem qualquer custo, clique no link abaixo ou copie este link e abra em seu navegador e preencha as informa\u00e7\u00f5es, que enviaremos o e-book [&hellip;]","og_url":"https:\/\/besttwice.com.br\/site\/projeto-segredos-da-pesquisa\/","og_site_name":"BEST TWICE","article_modified_time":"2021-09-03T19:37:01+00:00","twitter_card":"summary_large_image","twitter_misc":{"Est. tempo de leitura":"5 minutos"},"schema":{"@context":"https:\/\/schema.org","@graph":[{"@type":"WebPage","@id":"https:\/\/besttwice.com.br\/site\/projeto-segredos-da-pesquisa\/","url":"https:\/\/besttwice.com.br\/site\/projeto-segredos-da-pesquisa\/","name":"PROJETO SEGREDOS DA PESQUISA - BEST TWICE","isPartOf":{"@id":"https:\/\/besttwice.com.br\/site\/#website"},"datePublished":"2020-05-25T00:24:19+00:00","dateModified":"2021-09-03T19:37:01+00:00","breadcrumb":{"@id":"https:\/\/besttwice.com.br\/site\/projeto-segredos-da-pesquisa\/#breadcrumb"},"inLanguage":"pt-BR","potentialAction":[{"@type":"ReadAction","target":["https:\/\/besttwice.com.br\/site\/projeto-segredos-da-pesquisa\/"]}]},{"@type":"BreadcrumbList","@id":"https:\/\/besttwice.com.br\/site\/projeto-segredos-da-pesquisa\/#breadcrumb","itemListElement":[{"@type":"ListItem","position":1,"name":"In\u00edcio","item":"https:\/\/besttwice.com.br\/site\/"},{"@type":"ListItem","position":2,"name":"PROJETO SEGREDOS DA PESQUISA"}]},{"@type":"WebSite","@id":"https:\/\/besttwice.com.br\/site\/#website","url":"https:\/\/besttwice.com.br\/site\/","name":"BEST TWICE","description":"Pesquisar os problemas do cotidiano e buscar formas de reduzir seus efeitos.","potentialAction":[{"@type":"SearchAction","target":{"@type":"EntryPoint","urlTemplate":"https:\/\/besttwice.com.br\/site\/?s={search_term_string}"},"query-input":{"@type":"PropertyValueSpecification","valueRequired":true,"valueName":"search_term_string"}}],"inLanguage":"pt-BR"}]}},"_links":{"self":[{"href":"https:\/\/besttwice.com.br\/site\/wp-json\/wp\/v2\/pages\/190","targetHints":{"allow":["GET"]}}],"collection":[{"href":"https:\/\/besttwice.com.br\/site\/wp-json\/wp\/v2\/pages"}],"about":[{"href":"https:\/\/besttwice.com.br\/site\/wp-json\/wp\/v2\/types\/page"}],"author":[{"embeddable":true,"href":"https:\/\/besttwice.com.br\/site\/wp-json\/wp\/v2\/users\/1"}],"replies":[{"embeddable":true,"href":"https:\/\/besttwice.com.br\/site\/wp-json\/wp\/v2\/comments?post=190"}],"version-history":[{"count":17,"href":"https:\/\/besttwice.com.br\/site\/wp-json\/wp\/v2\/pages\/190\/revisions"}],"predecessor-version":[{"id":671,"href":"https:\/\/besttwice.com.br\/site\/wp-json\/wp\/v2\/pages\/190\/revisions\/671"}],"wp:attachment":[{"href":"https:\/\/besttwice.com.br\/site\/wp-json\/wp\/v2\/media?parent=190"}],"curies":[{"name":"wp","href":"https:\/\/api.w.org\/{rel}","templated":true}]}}