{"id":167,"date":"2020-05-22T19:54:52","date_gmt":"2020-05-22T19:54:52","guid":{"rendered":"https:\/\/besttwice.com.br\/site\/?page_id=167"},"modified":"2020-05-25T16:02:50","modified_gmt":"2020-05-25T16:02:50","slug":"microfibra-camesa","status":"publish","type":"page","link":"https:\/\/besttwice.com.br\/site\/microfibra-camesa\/","title":{"rendered":"MICROFIBRA CAMESA"},"content":{"rendered":"\n<figure class=\"wp-block-image size-large\"><img fetchpriority=\"high\" decoding=\"async\" width=\"600\" height=\"600\" src=\"https:\/\/besttwice.com.br\/site\/wp-content\/uploads\/2020\/05\/kit_pano_limpeza_microfibra_camesa_55_35_.jpg\" alt=\"\" class=\"wp-image-122\" srcset=\"https:\/\/besttwice.com.br\/site\/wp-content\/uploads\/2020\/05\/kit_pano_limpeza_microfibra_camesa_55_35_.jpg 600w, https:\/\/besttwice.com.br\/site\/wp-content\/uploads\/2020\/05\/kit_pano_limpeza_microfibra_camesa_55_35_-300x300.jpg 300w, https:\/\/besttwice.com.br\/site\/wp-content\/uploads\/2020\/05\/kit_pano_limpeza_microfibra_camesa_55_35_-150x150.jpg 150w\" sizes=\"(max-width: 600px) 100vw, 600px\" \/><\/figure>\n\n\n<h1>COMPRAR<\/h1>\n<p><img decoding=\"async\" class=\"alignnone size-medium wp-image-128\" src=\"https:\/\/besttwice.com.br\/site\/wp-content\/uploads\/2020\/05\/carrinho-de-supermercado-miniatura-D_NQ_NP_7685-MLB5261953007_102013-F-300x300.jpg\" alt=\"\" width=\"300\" height=\"300\" srcset=\"https:\/\/besttwice.com.br\/site\/wp-content\/uploads\/2020\/05\/carrinho-de-supermercado-miniatura-D_NQ_NP_7685-MLB5261953007_102013-F-300x300.jpg 300w, https:\/\/besttwice.com.br\/site\/wp-content\/uploads\/2020\/05\/carrinho-de-supermercado-miniatura-D_NQ_NP_7685-MLB5261953007_102013-F-150x150.jpg 150w, https:\/\/besttwice.com.br\/site\/wp-content\/uploads\/2020\/05\/carrinho-de-supermercado-miniatura-D_NQ_NP_7685-MLB5261953007_102013-F-768x768.jpg 768w, https:\/\/besttwice.com.br\/site\/wp-content\/uploads\/2020\/05\/carrinho-de-supermercado-miniatura-D_NQ_NP_7685-MLB5261953007_102013-F.jpg 1000w\" sizes=\"(max-width: 300px) 100vw, 300px\" \/><\/p>\n<p><!-- \/wp:post-content --><\/p>\n<p><!-- wp:heading {\"level\":1} --><\/p>\n<h1><a href=\"https:\/\/loja.besttwice.com.br\/pd-609325-pano-multiuso-de-microfina-camesa-kit-c-3-35-x-55cm.html?ct=1f9526&amp;p=1&amp;s=1\" target=\"_blank\" rel=\"noreferrer noopener\">LOJA VIRTUAL.<\/a><\/h1>\n<p><!-- \/wp:heading --><\/p>\n<p><!-- wp:image {\"id\":779} --><\/p>\n<figure class=\"wp-block-image\"><img decoding=\"async\" class=\"wp-image-779\" src=\"http:\/\/amaralegarcez.com.br\/site\/wp-content\/uploads\/2018\/02\/camesa-panos.jpg\" alt=\"camesa panos\" \/><img decoding=\"async\" class=\"alignnone size-full wp-image-118\" src=\"https:\/\/besttwice.com.br\/site\/wp-content\/uploads\/2020\/05\/03-panos-multiuso-microfibra-camesa-30x30-flanela-lava-carro-D_NQ_NP_988343-MLB26617604008_012018-F.jpg\" alt=\"\" width=\"284\" height=\"284\" srcset=\"https:\/\/besttwice.com.br\/site\/wp-content\/uploads\/2020\/05\/03-panos-multiuso-microfibra-camesa-30x30-flanela-lava-carro-D_NQ_NP_988343-MLB26617604008_012018-F.jpg 284w, https:\/\/besttwice.com.br\/site\/wp-content\/uploads\/2020\/05\/03-panos-multiuso-microfibra-camesa-30x30-flanela-lava-carro-D_NQ_NP_988343-MLB26617604008_012018-F-150x150.jpg 150w\" sizes=\"(max-width: 284px) 100vw, 284px\" \/><\/figure>\n<p><!-- \/wp:image --><\/p>\n<h1>COMPRAR<\/h1>\n<p><img decoding=\"async\" class=\"alignnone size-medium wp-image-128\" src=\"https:\/\/besttwice.com.br\/site\/wp-content\/uploads\/2020\/05\/carrinho-de-supermercado-miniatura-D_NQ_NP_7685-MLB5261953007_102013-F-300x300.jpg\" alt=\"\" width=\"300\" height=\"300\" srcset=\"https:\/\/besttwice.com.br\/site\/wp-content\/uploads\/2020\/05\/carrinho-de-supermercado-miniatura-D_NQ_NP_7685-MLB5261953007_102013-F-300x300.jpg 300w, https:\/\/besttwice.com.br\/site\/wp-content\/uploads\/2020\/05\/carrinho-de-supermercado-miniatura-D_NQ_NP_7685-MLB5261953007_102013-F-150x150.jpg 150w, https:\/\/besttwice.com.br\/site\/wp-content\/uploads\/2020\/05\/carrinho-de-supermercado-miniatura-D_NQ_NP_7685-MLB5261953007_102013-F-768x768.jpg 768w, https:\/\/besttwice.com.br\/site\/wp-content\/uploads\/2020\/05\/carrinho-de-supermercado-miniatura-D_NQ_NP_7685-MLB5261953007_102013-F.jpg 1000w\" sizes=\"(max-width: 300px) 100vw, 300px\" \/><\/p>\n<p><!-- \/wp:heading --><\/p>\n<p><!-- wp:heading {\"level\":1} --><\/p>\n<h1><a href=\"https:\/\/loja.besttwice.com.br\/pd-609325-pano-multiuso-de-microfina-camesa-kit-c-3-35-x-55cm.html?ct=1f9526&amp;p=1&amp;s=1\" target=\"_blank\" rel=\"noreferrer noopener\">LOJA VIRTUAL.<\/a><\/h1>\n<p><!-- \/wp:heading --><br \/><!-- wp:paragraph --><\/p>\n<p>PANO MULTIUSO DE MICROFIBRA &#8220;CAMESA&#8221;<br \/>Cada kit cont\u00e9m 3\u00a0panos multiuso.<\/p>\n<p><!-- \/wp:paragraph --><\/p>\n<p><!-- wp:paragraph --><\/p>\n<p>Composi\u00e7\u00e3o: 80% poliester e 20% poliamida, com dimens\u00f5es de 30 x 30 cm.<br \/>Produto importado, em cores sortidas.<\/p>\n<p><!-- \/wp:paragraph --><\/p>\n<p><!-- wp:heading {\"level\":1} --><\/p>\n<h1>COMPRAR<\/h1>\n<p><img decoding=\"async\" class=\"alignnone size-medium wp-image-128\" src=\"https:\/\/besttwice.com.br\/site\/wp-content\/uploads\/2020\/05\/carrinho-de-supermercado-miniatura-D_NQ_NP_7685-MLB5261953007_102013-F-300x300.jpg\" alt=\"\" width=\"300\" height=\"300\" srcset=\"https:\/\/besttwice.com.br\/site\/wp-content\/uploads\/2020\/05\/carrinho-de-supermercado-miniatura-D_NQ_NP_7685-MLB5261953007_102013-F-300x300.jpg 300w, https:\/\/besttwice.com.br\/site\/wp-content\/uploads\/2020\/05\/carrinho-de-supermercado-miniatura-D_NQ_NP_7685-MLB5261953007_102013-F-150x150.jpg 150w, https:\/\/besttwice.com.br\/site\/wp-content\/uploads\/2020\/05\/carrinho-de-supermercado-miniatura-D_NQ_NP_7685-MLB5261953007_102013-F-768x768.jpg 768w, https:\/\/besttwice.com.br\/site\/wp-content\/uploads\/2020\/05\/carrinho-de-supermercado-miniatura-D_NQ_NP_7685-MLB5261953007_102013-F.jpg 1000w\" sizes=\"(max-width: 300px) 100vw, 300px\" \/><\/p>\n<p><!-- \/wp:heading --><\/p>\n<p><!-- wp:heading {\"level\":1} --><\/p>\n<h1><a href=\"https:\/\/loja.besttwice.com.br\/pd-609325-pano-multiuso-de-microfina-camesa-kit-c-3-35-x-55cm.html?ct=1f9526&amp;p=1&amp;s=1\" target=\"_blank\" rel=\"noreferrer noopener\">LOJA VIRTUAL.<\/a><\/h1>\n<p><!-- \/wp:heading --><\/p>\n<p><!-- wp:image {\"align\":\"left\",\"id\":785} --><\/p>\n<div class=\"wp-block-image\">\n<figure class=\"alignleft\"><img decoding=\"async\" class=\"wp-image-785\" src=\"http:\/\/amaralegarcez.com.br\/site\/wp-content\/uploads\/2018\/02\/toalha-de-micro-300x300.jpg\" alt=\"toalha de micro\" \/><\/figure>\n<\/div>\n<p><!-- \/wp:image --><\/p>\n<p><!-- wp:image {\"id\":786} --><\/p>\n<figure class=\"wp-block-image\"><img decoding=\"async\" class=\"wp-image-786\" src=\"http:\/\/amaralegarcez.com.br\/site\/wp-content\/uploads\/2018\/02\/Micro-fibra-300x300.jpg\" alt=\"Micro fibra\" \/><\/figure>\n<p><!-- \/wp:image --><\/p>","protected":false},"excerpt":{"rendered":"<p>COMPRAR LOJA VIRTUAL. COMPRAR LOJA VIRTUAL. PANO MULTIUSO DE MICROFIBRA &#8220;CAMESA&#8221;Cada kit cont\u00e9m 3\u00a0panos multiuso. Composi\u00e7\u00e3o: 80% poliester e 20% poliamida, com dimens\u00f5es de 30 x 30 cm.Produto importado, em cores sortidas. COMPRAR LOJA VIRTUAL.<\/p>\n","protected":false},"author":1,"featured_media":0,"parent":0,"menu_order":0,"comment_status":"closed","ping_status":"closed","template":"","meta":{"footnotes":""},"class_list":["post-167","page","type-page","status-publish","hentry"],"yoast_head":"<!-- This site is optimized with the Yoast SEO plugin v27.6 - https:\/\/yoast.com\/product\/yoast-seo-wordpress\/ -->\n<title>MICROFIBRA CAMESA - BEST TWICE<\/title>\n<meta name=\"robots\" content=\"index, follow, max-snippet:-1, max-image-preview:large, max-video-preview:-1\" \/>\n<link rel=\"canonical\" href=\"https:\/\/besttwice.com.br\/site\/microfibra-camesa\/\" \/>\n<meta property=\"og:locale\" content=\"pt_BR\" \/>\n<meta property=\"og:type\" content=\"article\" \/>\n<meta property=\"og:title\" content=\"MICROFIBRA CAMESA - BEST TWICE\" \/>\n<meta property=\"og:description\" content=\"COMPRAR LOJA VIRTUAL. COMPRAR LOJA VIRTUAL. PANO MULTIUSO DE MICROFIBRA &#8220;CAMESA&#8221;Cada kit cont\u00e9m 3\u00a0panos multiuso. Composi\u00e7\u00e3o: 80% poliester e 20% poliamida, com dimens\u00f5es de 30 x 30 cm.Produto importado, em cores sortidas. COMPRAR LOJA VIRTUAL.\" \/>\n<meta property=\"og:url\" content=\"https:\/\/besttwice.com.br\/site\/microfibra-camesa\/\" \/>\n<meta property=\"og:site_name\" content=\"BEST TWICE\" \/>\n<meta property=\"article:modified_time\" content=\"2020-05-25T16:02:50+00:00\" \/>\n<meta property=\"og:image\" content=\"https:\/\/besttwice.com.br\/site\/wp-content\/uploads\/2020\/05\/kit_pano_limpeza_microfibra_camesa_55_35_.jpg\" \/>\n<meta name=\"twitter:card\" content=\"summary_large_image\" \/>\n<script type=\"application\/ld+json\" class=\"yoast-schema-graph\">{\"@context\":\"https:\\\/\\\/schema.org\",\"@graph\":[{\"@type\":\"WebPage\",\"@id\":\"https:\\\/\\\/besttwice.com.br\\\/site\\\/microfibra-camesa\\\/\",\"url\":\"https:\\\/\\\/besttwice.com.br\\\/site\\\/microfibra-camesa\\\/\",\"name\":\"MICROFIBRA CAMESA - BEST TWICE\",\"isPartOf\":{\"@id\":\"https:\\\/\\\/besttwice.com.br\\\/site\\\/#website\"},\"primaryImageOfPage\":{\"@id\":\"https:\\\/\\\/besttwice.com.br\\\/site\\\/microfibra-camesa\\\/#primaryimage\"},\"image\":{\"@id\":\"https:\\\/\\\/besttwice.com.br\\\/site\\\/microfibra-camesa\\\/#primaryimage\"},\"thumbnailUrl\":\"https:\\\/\\\/besttwice.com.br\\\/site\\\/wp-content\\\/uploads\\\/2020\\\/05\\\/kit_pano_limpeza_microfibra_camesa_55_35_.jpg\",\"datePublished\":\"2020-05-22T19:54:52+00:00\",\"dateModified\":\"2020-05-25T16:02:50+00:00\",\"breadcrumb\":{\"@id\":\"https:\\\/\\\/besttwice.com.br\\\/site\\\/microfibra-camesa\\\/#breadcrumb\"},\"inLanguage\":\"pt-BR\",\"potentialAction\":[{\"@type\":\"ReadAction\",\"target\":[\"https:\\\/\\\/besttwice.com.br\\\/site\\\/microfibra-camesa\\\/\"]}]},{\"@type\":\"ImageObject\",\"inLanguage\":\"pt-BR\",\"@id\":\"https:\\\/\\\/besttwice.com.br\\\/site\\\/microfibra-camesa\\\/#primaryimage\",\"url\":\"https:\\\/\\\/besttwice.com.br\\\/site\\\/wp-content\\\/uploads\\\/2020\\\/05\\\/kit_pano_limpeza_microfibra_camesa_55_35_.jpg\",\"contentUrl\":\"https:\\\/\\\/besttwice.com.br\\\/site\\\/wp-content\\\/uploads\\\/2020\\\/05\\\/kit_pano_limpeza_microfibra_camesa_55_35_.jpg\",\"width\":600,\"height\":600},{\"@type\":\"BreadcrumbList\",\"@id\":\"https:\\\/\\\/besttwice.com.br\\\/site\\\/microfibra-camesa\\\/#breadcrumb\",\"itemListElement\":[{\"@type\":\"ListItem\",\"position\":1,\"name\":\"In\u00edcio\",\"item\":\"https:\\\/\\\/besttwice.com.br\\\/site\\\/\"},{\"@type\":\"ListItem\",\"position\":2,\"name\":\"MICROFIBRA CAMESA\"}]},{\"@type\":\"WebSite\",\"@id\":\"https:\\\/\\\/besttwice.com.br\\\/site\\\/#website\",\"url\":\"https:\\\/\\\/besttwice.com.br\\\/site\\\/\",\"name\":\"BEST TWICE\",\"description\":\"Pesquisar os problemas do cotidiano e buscar formas de reduzir seus efeitos.\",\"potentialAction\":[{\"@type\":\"SearchAction\",\"target\":{\"@type\":\"EntryPoint\",\"urlTemplate\":\"https:\\\/\\\/besttwice.com.br\\\/site\\\/?s={search_term_string}\"},\"query-input\":{\"@type\":\"PropertyValueSpecification\",\"valueRequired\":true,\"valueName\":\"search_term_string\"}}],\"inLanguage\":\"pt-BR\"}]}<\/script>\n<!-- \/ Yoast SEO plugin. -->","yoast_head_json":{"title":"MICROFIBRA CAMESA - BEST TWICE","robots":{"index":"index","follow":"follow","max-snippet":"max-snippet:-1","max-image-preview":"max-image-preview:large","max-video-preview":"max-video-preview:-1"},"canonical":"https:\/\/besttwice.com.br\/site\/microfibra-camesa\/","og_locale":"pt_BR","og_type":"article","og_title":"MICROFIBRA CAMESA - BEST TWICE","og_description":"COMPRAR LOJA VIRTUAL. COMPRAR LOJA VIRTUAL. PANO MULTIUSO DE MICROFIBRA &#8220;CAMESA&#8221;Cada kit cont\u00e9m 3\u00a0panos multiuso. Composi\u00e7\u00e3o: 80% poliester e 20% poliamida, com dimens\u00f5es de 30 x 30 cm.Produto importado, em cores sortidas. COMPRAR LOJA VIRTUAL.","og_url":"https:\/\/besttwice.com.br\/site\/microfibra-camesa\/","og_site_name":"BEST TWICE","article_modified_time":"2020-05-25T16:02:50+00:00","og_image":[{"url":"https:\/\/besttwice.com.br\/site\/wp-content\/uploads\/2020\/05\/kit_pano_limpeza_microfibra_camesa_55_35_.jpg","type":"","width":"","height":""}],"twitter_card":"summary_large_image","schema":{"@context":"https:\/\/schema.org","@graph":[{"@type":"WebPage","@id":"https:\/\/besttwice.com.br\/site\/microfibra-camesa\/","url":"https:\/\/besttwice.com.br\/site\/microfibra-camesa\/","name":"MICROFIBRA CAMESA - BEST TWICE","isPartOf":{"@id":"https:\/\/besttwice.com.br\/site\/#website"},"primaryImageOfPage":{"@id":"https:\/\/besttwice.com.br\/site\/microfibra-camesa\/#primaryimage"},"image":{"@id":"https:\/\/besttwice.com.br\/site\/microfibra-camesa\/#primaryimage"},"thumbnailUrl":"https:\/\/besttwice.com.br\/site\/wp-content\/uploads\/2020\/05\/kit_pano_limpeza_microfibra_camesa_55_35_.jpg","datePublished":"2020-05-22T19:54:52+00:00","dateModified":"2020-05-25T16:02:50+00:00","breadcrumb":{"@id":"https:\/\/besttwice.com.br\/site\/microfibra-camesa\/#breadcrumb"},"inLanguage":"pt-BR","potentialAction":[{"@type":"ReadAction","target":["https:\/\/besttwice.com.br\/site\/microfibra-camesa\/"]}]},{"@type":"ImageObject","inLanguage":"pt-BR","@id":"https:\/\/besttwice.com.br\/site\/microfibra-camesa\/#primaryimage","url":"https:\/\/besttwice.com.br\/site\/wp-content\/uploads\/2020\/05\/kit_pano_limpeza_microfibra_camesa_55_35_.jpg","contentUrl":"https:\/\/besttwice.com.br\/site\/wp-content\/uploads\/2020\/05\/kit_pano_limpeza_microfibra_camesa_55_35_.jpg","width":600,"height":600},{"@type":"BreadcrumbList","@id":"https:\/\/besttwice.com.br\/site\/microfibra-camesa\/#breadcrumb","itemListElement":[{"@type":"ListItem","position":1,"name":"In\u00edcio","item":"https:\/\/besttwice.com.br\/site\/"},{"@type":"ListItem","position":2,"name":"MICROFIBRA CAMESA"}]},{"@type":"WebSite","@id":"https:\/\/besttwice.com.br\/site\/#website","url":"https:\/\/besttwice.com.br\/site\/","name":"BEST TWICE","description":"Pesquisar os problemas do cotidiano e buscar formas de reduzir seus efeitos.","potentialAction":[{"@type":"SearchAction","target":{"@type":"EntryPoint","urlTemplate":"https:\/\/besttwice.com.br\/site\/?s={search_term_string}"},"query-input":{"@type":"PropertyValueSpecification","valueRequired":true,"valueName":"search_term_string"}}],"inLanguage":"pt-BR"}]}},"_links":{"self":[{"href":"https:\/\/besttwice.com.br\/site\/wp-json\/wp\/v2\/pages\/167","targetHints":{"allow":["GET"]}}],"collection":[{"href":"https:\/\/besttwice.com.br\/site\/wp-json\/wp\/v2\/pages"}],"about":[{"href":"https:\/\/besttwice.com.br\/site\/wp-json\/wp\/v2\/types\/page"}],"author":[{"embeddable":true,"href":"https:\/\/besttwice.com.br\/site\/wp-json\/wp\/v2\/users\/1"}],"replies":[{"embeddable":true,"href":"https:\/\/besttwice.com.br\/site\/wp-json\/wp\/v2\/comments?post=167"}],"version-history":[{"count":6,"href":"https:\/\/besttwice.com.br\/site\/wp-json\/wp\/v2\/pages\/167\/revisions"}],"predecessor-version":[{"id":247,"href":"https:\/\/besttwice.com.br\/site\/wp-json\/wp\/v2\/pages\/167\/revisions\/247"}],"wp:attachment":[{"href":"https:\/\/besttwice.com.br\/site\/wp-json\/wp\/v2\/media?parent=167"}],"curies":[{"name":"wp","href":"https:\/\/api.w.org\/{rel}","templated":true}]}}